{"id":18,"date":"2020-07-19T12:09:59","date_gmt":"2020-07-19T12:09:59","guid":{"rendered":"https:\/\/intersportcolectivos.com\/urdulizft\/?page_id=18"},"modified":"2020-10-17T14:38:05","modified_gmt":"2020-10-17T14:38:05","slug":"el-club","status":"publish","type":"page","link":"https:\/\/intersportcolectivos.com\/urdulizft\/el-club\/","title":{"rendered":"URDULIZ F.T."},"content":{"rendered":"\n<p>El club Urduliz FT se fundo en 1996 con sede y campo de f\u00fatbol de hierba natural en el pol\u00edgono Igeltzera. Ya en 2006 el ayuntamiento construy\u00f3 el nuevo campo de hierba artificial, \u00abIparralde\u00bb, en la actual ubicaci\u00f3n de la calle con el mismo nombre en el centro del pueblo. El club sigue contando en sus filas con uno de sus cofundadores y alma mater del mismo, Juli\u00e1n Carmona.<br>La gesti\u00f3n de la directiva en estos \u00faltimos a\u00f1os nos ha llevado a ampliar la cantera a un total de 14 equipos, entre escolares y federados. Siendo su m\u00e1ximo exponente el primer equipo, el cu\u00e1l consigui\u00f3 un hito haciendo historia la temporada 2018-2019 llegando a tercera divisi\u00f3n.<\/p>\n\n\n\n<figure class=\"wp-block-image size-large\"><img fetchpriority=\"high\" decoding=\"async\" width=\"1024\" height=\"768\" src=\"https:\/\/intersportcolectivos.com\/urdulizft\/wp-content\/uploads\/sites\/7\/2020\/10\/unnamed-1-1024x768.jpg\" alt=\"\" class=\"wp-image-463\" srcset=\"https:\/\/intersportcolectivos.com\/urdulizft\/wp-content\/uploads\/sites\/7\/2020\/10\/unnamed-1-1024x768.jpg 1024w, https:\/\/intersportcolectivos.com\/urdulizft\/wp-content\/uploads\/sites\/7\/2020\/10\/unnamed-1-300x225.jpg 300w, https:\/\/intersportcolectivos.com\/urdulizft\/wp-content\/uploads\/sites\/7\/2020\/10\/unnamed-1-768x576.jpg 768w, https:\/\/intersportcolectivos.com\/urdulizft\/wp-content\/uploads\/sites\/7\/2020\/10\/unnamed-1-1140x855.jpg 1140w, https:\/\/intersportcolectivos.com\/urdulizft\/wp-content\/uploads\/sites\/7\/2020\/10\/unnamed-1.jpg 1440w\" sizes=\"(max-width: 1024px) 100vw, 1024px\" \/><\/figure>\n","protected":false},"excerpt":{"rendered":"<p>El club Urduliz FT se fundo en 1996 con sede y campo de f\u00fatbol de hierba natural en el pol\u00edgono Igeltzera. Ya en 2006 el ayuntamiento construy\u00f3 el nuevo campo de hierba artificial, \u00abIparralde\u00bb, en la actual ubicaci\u00f3n de la calle con el mismo nombre en el centro del pueblo. El club sigue contando en sus filas con uno de sus cofundadores y alma mater del mismo, Juli\u00e1n Carmona.La gesti\u00f3n de la directiva en estos \u00faltimos a\u00f1os nos ha llevado a ampliar la cantera a un total de 14 equipos, entre escolares y federados. Siendo su m\u00e1ximo exponente el primer equipo, el cu\u00e1l consigui\u00f3 un hito haciendo historia la temporada 2018-2019 llegando a tercera divisi\u00f3n.<\/p>\n","protected":false},"author":1,"featured_media":0,"parent":0,"menu_order":0,"comment_status":"closed","ping_status":"closed","template":"","meta":{"footnotes":""},"yoast_head":"<!-- This site is optimized with the Yoast SEO plugin v21.5 - https:\/\/yoast.com\/wordpress\/plugins\/seo\/ -->\n<title>URDULIZ F.T. - URDULIZ F.T.<\/title>\n<meta name=\"robots\" content=\"index, follow, max-snippet:-1, max-image-preview:large, max-video-preview:-1\" \/>\n<link rel=\"canonical\" href=\"https:\/\/intersportcolectivos.com\/urdulizft\/el-club\/\" \/>\n<meta property=\"og:locale\" content=\"es_ES\" \/>\n<meta property=\"og:type\" content=\"article\" \/>\n<meta property=\"og:title\" content=\"URDULIZ F.T. - URDULIZ F.T.\" \/>\n<meta property=\"og:description\" content=\"El club Urduliz FT se fundo en 1996 con sede y campo de f\u00fatbol de hierba natural en el pol\u00edgono Igeltzera. Ya en 2006 el ayuntamiento construy\u00f3 el nuevo campo de hierba artificial, \u00abIparralde\u00bb, en la actual ubicaci\u00f3n de la calle con el mismo nombre en el centro del pueblo. El club sigue contando en sus filas con uno de sus cofundadores y alma mater del mismo, Juli\u00e1n Carmona.La gesti\u00f3n de la directiva en estos \u00faltimos a\u00f1os nos ha llevado a ampliar la cantera a un total de 14 equipos, entre escolares y federados. Siendo su m\u00e1ximo exponente el primer equipo, el cu\u00e1l consigui\u00f3 un hito haciendo historia la temporada 2018-2019 llegando a tercera divisi\u00f3n.\" \/>\n<meta property=\"og:url\" content=\"https:\/\/intersportcolectivos.com\/urdulizft\/el-club\/\" \/>\n<meta property=\"og:site_name\" content=\"URDULIZ F.T.\" \/>\n<meta property=\"article:modified_time\" content=\"2020-10-17T14:38:05+00:00\" \/>\n<meta property=\"og:image\" content=\"https:\/\/intersportcolectivos.com\/urdulizft\/wp-content\/uploads\/sites\/7\/2020\/10\/unnamed-1-1024x768.jpg\" \/>\n<meta name=\"twitter:card\" content=\"summary_large_image\" \/>\n<meta name=\"twitter:label1\" content=\"Tiempo de lectura\" \/>\n\t<meta name=\"twitter:data1\" content=\"1 minuto\" \/>\n<script type=\"application\/ld+json\" class=\"yoast-schema-graph\">{\"@context\":\"https:\/\/schema.org\",\"@graph\":[{\"@type\":\"WebPage\",\"@id\":\"https:\/\/intersportcolectivos.com\/urdulizft\/el-club\/\",\"url\":\"https:\/\/intersportcolectivos.com\/urdulizft\/el-club\/\",\"name\":\"URDULIZ F.T. - URDULIZ F.T.\",\"isPartOf\":{\"@id\":\"https:\/\/intersportcolectivos.com\/urdulizft\/#website\"},\"datePublished\":\"2020-07-19T12:09:59+00:00\",\"dateModified\":\"2020-10-17T14:38:05+00:00\",\"breadcrumb\":{\"@id\":\"https:\/\/intersportcolectivos.com\/urdulizft\/el-club\/#breadcrumb\"},\"inLanguage\":\"es\",\"potentialAction\":[{\"@type\":\"ReadAction\",\"target\":[\"https:\/\/intersportcolectivos.com\/urdulizft\/el-club\/\"]}]},{\"@type\":\"BreadcrumbList\",\"@id\":\"https:\/\/intersportcolectivos.com\/urdulizft\/el-club\/#breadcrumb\",\"itemListElement\":[{\"@type\":\"ListItem\",\"position\":1,\"name\":\"Portada\",\"item\":\"https:\/\/intersportcolectivos.com\/urdulizft\/\"},{\"@type\":\"ListItem\",\"position\":2,\"name\":\"URDULIZ F.T.\"}]},{\"@type\":\"WebSite\",\"@id\":\"https:\/\/intersportcolectivos.com\/urdulizft\/#website\",\"url\":\"https:\/\/intersportcolectivos.com\/urdulizft\/\",\"name\":\"URDULIZ F.T.\",\"description\":\"Urduliz (Vizcaya) - Fundado en 1996\",\"potentialAction\":[{\"@type\":\"SearchAction\",\"target\":{\"@type\":\"EntryPoint\",\"urlTemplate\":\"https:\/\/intersportcolectivos.com\/urdulizft\/?s={search_term_string}\"},\"query-input\":\"required name=search_term_string\"}],\"inLanguage\":\"es\"}]}<\/script>\n<!-- \/ Yoast SEO plugin. -->","yoast_head_json":{"title":"URDULIZ F.T. - URDULIZ F.T.","robots":{"index":"index","follow":"follow","max-snippet":"max-snippet:-1","max-image-preview":"max-image-preview:large","max-video-preview":"max-video-preview:-1"},"canonical":"https:\/\/intersportcolectivos.com\/urdulizft\/el-club\/","og_locale":"es_ES","og_type":"article","og_title":"URDULIZ F.T. - URDULIZ F.T.","og_description":"El club Urduliz FT se fundo en 1996 con sede y campo de f\u00fatbol de hierba natural en el pol\u00edgono Igeltzera. Ya en 2006 el ayuntamiento construy\u00f3 el nuevo campo de hierba artificial, \u00abIparralde\u00bb, en la actual ubicaci\u00f3n de la calle con el mismo nombre en el centro del pueblo. El club sigue contando en sus filas con uno de sus cofundadores y alma mater del mismo, Juli\u00e1n Carmona.La gesti\u00f3n de la directiva en estos \u00faltimos a\u00f1os nos ha llevado a ampliar la cantera a un total de 14 equipos, entre escolares y federados. Siendo su m\u00e1ximo exponente el primer equipo, el cu\u00e1l consigui\u00f3 un hito haciendo historia la temporada 2018-2019 llegando a tercera divisi\u00f3n.","og_url":"https:\/\/intersportcolectivos.com\/urdulizft\/el-club\/","og_site_name":"URDULIZ F.T.","article_modified_time":"2020-10-17T14:38:05+00:00","og_image":[{"url":"https:\/\/intersportcolectivos.com\/urdulizft\/wp-content\/uploads\/sites\/7\/2020\/10\/unnamed-1-1024x768.jpg"}],"twitter_card":"summary_large_image","twitter_misc":{"Tiempo de lectura":"1 minuto"},"schema":{"@context":"https:\/\/schema.org","@graph":[{"@type":"WebPage","@id":"https:\/\/intersportcolectivos.com\/urdulizft\/el-club\/","url":"https:\/\/intersportcolectivos.com\/urdulizft\/el-club\/","name":"URDULIZ F.T. - URDULIZ F.T.","isPartOf":{"@id":"https:\/\/intersportcolectivos.com\/urdulizft\/#website"},"datePublished":"2020-07-19T12:09:59+00:00","dateModified":"2020-10-17T14:38:05+00:00","breadcrumb":{"@id":"https:\/\/intersportcolectivos.com\/urdulizft\/el-club\/#breadcrumb"},"inLanguage":"es","potentialAction":[{"@type":"ReadAction","target":["https:\/\/intersportcolectivos.com\/urdulizft\/el-club\/"]}]},{"@type":"BreadcrumbList","@id":"https:\/\/intersportcolectivos.com\/urdulizft\/el-club\/#breadcrumb","itemListElement":[{"@type":"ListItem","position":1,"name":"Portada","item":"https:\/\/intersportcolectivos.com\/urdulizft\/"},{"@type":"ListItem","position":2,"name":"URDULIZ F.T."}]},{"@type":"WebSite","@id":"https:\/\/intersportcolectivos.com\/urdulizft\/#website","url":"https:\/\/intersportcolectivos.com\/urdulizft\/","name":"URDULIZ F.T.","description":"Urduliz (Vizcaya) - Fundado en 1996","potentialAction":[{"@type":"SearchAction","target":{"@type":"EntryPoint","urlTemplate":"https:\/\/intersportcolectivos.com\/urdulizft\/?s={search_term_string}"},"query-input":"required name=search_term_string"}],"inLanguage":"es"}]}},"_links":{"self":[{"href":"https:\/\/intersportcolectivos.com\/urdulizft\/wp-json\/wp\/v2\/pages\/18"}],"collection":[{"href":"https:\/\/intersportcolectivos.com\/urdulizft\/wp-json\/wp\/v2\/pages"}],"about":[{"href":"https:\/\/intersportcolectivos.com\/urdulizft\/wp-json\/wp\/v2\/types\/page"}],"author":[{"embeddable":true,"href":"https:\/\/intersportcolectivos.com\/urdulizft\/wp-json\/wp\/v2\/users\/1"}],"replies":[{"embeddable":true,"href":"https:\/\/intersportcolectivos.com\/urdulizft\/wp-json\/wp\/v2\/comments?post=18"}],"version-history":[{"count":3,"href":"https:\/\/intersportcolectivos.com\/urdulizft\/wp-json\/wp\/v2\/pages\/18\/revisions"}],"predecessor-version":[{"id":464,"href":"https:\/\/intersportcolectivos.com\/urdulizft\/wp-json\/wp\/v2\/pages\/18\/revisions\/464"}],"wp:attachment":[{"href":"https:\/\/intersportcolectivos.com\/urdulizft\/wp-json\/wp\/v2\/media?parent=18"}],"curies":[{"name":"wp","href":"https:\/\/api.w.org\/{rel}","templated":true}]}}

<p>El club Urduliz FT se fundo en 1996 con sede y campo de fútbol de hierba natural en el polígono Igeltzera. Ya en 2006 el ayuntamiento construyó el nuevo campo de hierba artificial, «Iparralde», en la actual ubicación de la calle con el mismo nombre en el centro del pueblo. El club sigue contando en sus filas con uno de sus cofundadores y alma mater del mismo, Julián Carmona.<br>La gestión de la directiva en estos últimos años nos ha llevado a ampliar la cantera a un total de 14 equipos, entre escolares y federados. Siendo su máximo exponente el primer equipo, el cuál consiguió un hito haciendo historia la temporada 2018-2019 llegando a tercera división.</p>



<figure class="wp-block-image size-large"><img fetchpriority="high" decoding="async" width="1024" height="768" src="https://intersportcolectivos.com/urdulizft/wp-content/uploads/sites/7/2020/10/unnamed-1-1024x768.jpg" alt="" class="wp-image-463" srcset="https://intersportcolectivos.com/urdulizft/wp-content/uploads/sites/7/2020/10/unnamed-1-1024x768.jpg 1024w, https://intersportcolectivos.com/urdulizft/wp-content/uploads/sites/7/2020/10/unnamed-1-300x225.jpg 300w, https://intersportcolectivos.com/urdulizft/wp-content/uploads/sites/7/2020/10/unnamed-1-768x576.jpg 768w, https://intersportcolectivos.com/urdulizft/wp-content/uploads/sites/7/2020/10/unnamed-1-1140x855.jpg 1140w, https://intersportcolectivos.com/urdulizft/wp-content/uploads/sites/7/2020/10/unnamed-1.jpg 1440w" sizes="(max-width: 1024px) 100vw, 1024px" /></figure>

<p>El club Urduliz FT se fundo en 1996 con sede y campo de fútbol de hierba natural en el polígono Igeltzera. Ya en 2006 el ayuntamiento construyó el nuevo campo de hierba artificial, «Iparralde», en la actual ubicación de la calle con el mismo nombre en el centro del pueblo. El club sigue contando en sus filas con uno de sus cofundadores y alma mater del mismo, Julián Carmona.La gestión de la directiva en estos últimos años nos ha llevado a ampliar la cantera a un total de 14 equipos, entre escolares y federados. Siendo su máximo exponente el primer equipo, el cuál consiguió un hito haciendo historia la temporada 2018-2019 llegando a tercera división.</p>

<!-- This site is optimized with the Yoast SEO plugin v21.5 - https://yoast.com/wordpress/plugins/seo/ -->
<title>URDULIZ F.T. - URDULIZ F.T.</title>
<meta name="robots" content="index, follow, max-snippet:-1, max-image-preview:large, max-video-preview:-1" />
<link rel="canonical" href="https://intersportcolectivos.com/urdulizft/el-club/" />
<meta property="og:locale" content="es_ES" />
<meta property="og:type" content="article" />
<meta property="og:title" content="URDULIZ F.T. - URDULIZ F.T." />
<meta property="og:description" content="El club Urduliz FT se fundo en 1996 con sede y campo de fútbol de hierba natural en el polígono Igeltzera. Ya en 2006 el ayuntamiento construyó el nuevo campo de hierba artificial, «Iparralde», en la actual ubicación de la calle con el mismo nombre en el centro del pueblo. El club sigue contando en sus filas con uno de sus cofundadores y alma mater del mismo, Julián Carmona.La gestión de la directiva en estos últimos años nos ha llevado a ampliar la cantera a un total de 14 equipos, entre escolares y federados. Siendo su máximo exponente el primer equipo, el cuál consiguió un hito haciendo historia la temporada 2018-2019 llegando a tercera división." />
<meta property="og:url" content="https://intersportcolectivos.com/urdulizft/el-club/" />
<meta property="og:site_name" content="URDULIZ F.T." />
<meta property="article:modified_time" content="2020-10-17T14:38:05+00:00" />
<meta property="og:image" content="https://intersportcolectivos.com/urdulizft/wp-content/uploads/sites/7/2020/10/unnamed-1-1024x768.jpg" />
<meta name="twitter:card" content="summary_large_image" />
<meta name="twitter:label1" content="Tiempo de lectura" />
	<meta name="twitter:data1" content="1 minuto" />
<script type="application/ld+json" class="yoast-schema-graph">{"@context":"https://schema.org","@graph":[{"@type":"WebPage","@id":"https://intersportcolectivos.com/urdulizft/el-club/","url":"https://intersportcolectivos.com/urdulizft/el-club/","name":"URDULIZ F.T. - URDULIZ F.T.","isPartOf":{"@id":"https://intersportcolectivos.com/urdulizft/#website"},"datePublished":"2020-07-19T12:09:59+00:00","dateModified":"2020-10-17T14:38:05+00:00","breadcrumb":{"@id":"https://intersportcolectivos.com/urdulizft/el-club/#breadcrumb"},"inLanguage":"es","potentialAction":[{"@type":"ReadAction","target":["https://intersportcolectivos.com/urdulizft/el-club/"]}]},{"@type":"BreadcrumbList","@id":"https://intersportcolectivos.com/urdulizft/el-club/#breadcrumb","itemListElement":[{"@type":"ListItem","position":1,"name":"Portada","item":"https://intersportcolectivos.com/urdulizft/"},{"@type":"ListItem","position":2,"name":"URDULIZ F.T."}]},{"@type":"WebSite","@id":"https://intersportcolectivos.com/urdulizft/#website","url":"https://intersportcolectivos.com/urdulizft/","name":"URDULIZ F.T.","description":"Urduliz (Vizcaya) - Fundado en 1996","potentialAction":[{"@type":"SearchAction","target":{"@type":"EntryPoint","urlTemplate":"https://intersportcolectivos.com/urdulizft/?s={search_term_string}"},"query-input":"required name=search_term_string"}],"inLanguage":"es"}]}</script>
<!-- / Yoast SEO plugin. -->

El club Urduliz FT se fundo en 1996 con sede y campo de fútbol de hierba natural en el polígono Igeltzera. Ya en 2006 el ayuntamiento construyó el nuevo campo de hierba artificial, «Iparralde», en la actual ubicación de la calle con el mismo nombre en el centro del pueblo. El club sigue contando en sus filas con uno de sus cofundadores y alma mater del mismo, Julián Carmona.La gestión de la directiva en estos últimos años nos ha llevado a ampliar la cantera a un total de 14 equipos, entre escolares y federados. Siendo su máximo exponente el primer equipo, el cuál consiguió un hito haciendo historia la temporada 2018-2019 llegando a tercera división.
