{"id":163,"date":"2020-08-09T13:54:24","date_gmt":"2020-08-09T13:54:24","guid":{"rendered":"https:\/\/intersportcolectivos.com\/urdulizft\/?post_type=product&#038;p=163"},"modified":"2020-10-07T17:47:52","modified_gmt":"2020-10-07T17:47:52","slug":"parka-everest","status":"publish","type":"product","link":"https:\/\/intersportcolectivos.com\/urdulizft\/product\/parka-everest\/","title":{"rendered":"Parka Everest"},"content":{"rendered":"<p>Descripci\u00f3n<\/p>\n<p>Anorak con cremallera, capucha extraible, bolsillos laterales con cierre de botones y protector de cremallera. Tejido impermeable, aislamiento t\u00e9rmico. Interior de forro polar ideal para controlar el frio y el viento en las travesias. Adem\u00e1s incluye doble pu\u00f1o interior para un mejor ajuste. Escudo Urduliz F.T. bordado, espalda serigrafiado URDULIZ F.T. en color blanco<\/p>\n<p>&nbsp;<\/p>\n","protected":false},"excerpt":{"rendered":"<p>Chaqueta Invierno<\/p>\n","protected":false},"featured_media":175,"template":"","meta":[],"product_cat":[15],"product_tag":[],"yoast_head":"<!-- This site is optimized with the Yoast SEO plugin v21.5 - https:\/\/yoast.com\/wordpress\/plugins\/seo\/ -->\n<title>Parka Everest - URDULIZ F.T.<\/title>\n<meta name=\"robots\" content=\"index, follow, max-snippet:-1, max-image-preview:large, max-video-preview:-1\" \/>\n<link rel=\"canonical\" href=\"https:\/\/intersportcolectivos.com\/urdulizft\/product\/parka-everest\/\" \/>\n<meta property=\"og:locale\" content=\"es_ES\" \/>\n<meta property=\"og:type\" content=\"article\" \/>\n<meta property=\"og:title\" content=\"Parka Everest - URDULIZ F.T.\" \/>\n<meta property=\"og:description\" content=\"Chaqueta Invierno\" \/>\n<meta property=\"og:url\" content=\"https:\/\/intersportcolectivos.com\/urdulizft\/product\/parka-everest\/\" \/>\n<meta property=\"og:site_name\" content=\"URDULIZ F.T.\" \/>\n<meta property=\"article:modified_time\" content=\"2020-10-07T17:47:52+00:00\" \/>\n<meta property=\"og:image\" content=\"https:\/\/intersportcolectivos.com\/urdulizft\/wp-content\/uploads\/sites\/7\/2020\/08\/Parka-Everest.jpg\" \/>\n\t<meta property=\"og:image:width\" content=\"875\" \/>\n\t<meta property=\"og:image:height\" content=\"1240\" \/>\n\t<meta property=\"og:image:type\" content=\"image\/jpeg\" \/>\n<meta name=\"twitter:card\" content=\"summary_large_image\" \/>\n<script type=\"application\/ld+json\" class=\"yoast-schema-graph\">{\"@context\":\"https:\/\/schema.org\",\"@graph\":[{\"@type\":\"WebPage\",\"@id\":\"https:\/\/intersportcolectivos.com\/urdulizft\/product\/parka-everest\/\",\"url\":\"https:\/\/intersportcolectivos.com\/urdulizft\/product\/parka-everest\/\",\"name\":\"Parka Everest - URDULIZ F.T.\",\"isPartOf\":{\"@id\":\"https:\/\/intersportcolectivos.com\/urdulizft\/#website\"},\"datePublished\":\"2020-08-09T13:54:24+00:00\",\"dateModified\":\"2020-10-07T17:47:52+00:00\",\"breadcrumb\":{\"@id\":\"https:\/\/intersportcolectivos.com\/urdulizft\/product\/parka-everest\/#breadcrumb\"},\"inLanguage\":\"es\",\"potentialAction\":[{\"@type\":\"ReadAction\",\"target\":[\"https:\/\/intersportcolectivos.com\/urdulizft\/product\/parka-everest\/\"]}]},{\"@type\":\"BreadcrumbList\",\"@id\":\"https:\/\/intersportcolectivos.com\/urdulizft\/product\/parka-everest\/#breadcrumb\",\"itemListElement\":[{\"@type\":\"ListItem\",\"position\":1,\"name\":\"Portada\",\"item\":\"https:\/\/intersportcolectivos.com\/urdulizft\/\"},{\"@type\":\"ListItem\",\"position\":2,\"name\":\"Tienda\",\"item\":\"https:\/\/intersportcolectivos.com\/urdulizft\/tienda\/\"},{\"@type\":\"ListItem\",\"position\":3,\"name\":\"Parka Everest\"}]},{\"@type\":\"WebSite\",\"@id\":\"https:\/\/intersportcolectivos.com\/urdulizft\/#website\",\"url\":\"https:\/\/intersportcolectivos.com\/urdulizft\/\",\"name\":\"URDULIZ F.T.\",\"description\":\"Urduliz (Vizcaya) - Fundado en 1996\",\"potentialAction\":[{\"@type\":\"SearchAction\",\"target\":{\"@type\":\"EntryPoint\",\"urlTemplate\":\"https:\/\/intersportcolectivos.com\/urdulizft\/?s={search_term_string}\"},\"query-input\":\"required name=search_term_string\"}],\"inLanguage\":\"es\"}]}<\/script>\n<!-- \/ Yoast SEO plugin. -->","yoast_head_json":{"title":"Parka Everest - URDULIZ F.T.","robots":{"index":"index","follow":"follow","max-snippet":"max-snippet:-1","max-image-preview":"max-image-preview:large","max-video-preview":"max-video-preview:-1"},"canonical":"https:\/\/intersportcolectivos.com\/urdulizft\/product\/parka-everest\/","og_locale":"es_ES","og_type":"article","og_title":"Parka Everest - URDULIZ F.T.","og_description":"Chaqueta Invierno","og_url":"https:\/\/intersportcolectivos.com\/urdulizft\/product\/parka-everest\/","og_site_name":"URDULIZ F.T.","article_modified_time":"2020-10-07T17:47:52+00:00","og_image":[{"width":875,"height":1240,"url":"https:\/\/intersportcolectivos.com\/urdulizft\/wp-content\/uploads\/sites\/7\/2020\/08\/Parka-Everest.jpg","type":"image\/jpeg"}],"twitter_card":"summary_large_image","schema":{"@context":"https:\/\/schema.org","@graph":[{"@type":"WebPage","@id":"https:\/\/intersportcolectivos.com\/urdulizft\/product\/parka-everest\/","url":"https:\/\/intersportcolectivos.com\/urdulizft\/product\/parka-everest\/","name":"Parka Everest - URDULIZ F.T.","isPartOf":{"@id":"https:\/\/intersportcolectivos.com\/urdulizft\/#website"},"datePublished":"2020-08-09T13:54:24+00:00","dateModified":"2020-10-07T17:47:52+00:00","breadcrumb":{"@id":"https:\/\/intersportcolectivos.com\/urdulizft\/product\/parka-everest\/#breadcrumb"},"inLanguage":"es","potentialAction":[{"@type":"ReadAction","target":["https:\/\/intersportcolectivos.com\/urdulizft\/product\/parka-everest\/"]}]},{"@type":"BreadcrumbList","@id":"https:\/\/intersportcolectivos.com\/urdulizft\/product\/parka-everest\/#breadcrumb","itemListElement":[{"@type":"ListItem","position":1,"name":"Portada","item":"https:\/\/intersportcolectivos.com\/urdulizft\/"},{"@type":"ListItem","position":2,"name":"Tienda","item":"https:\/\/intersportcolectivos.com\/urdulizft\/tienda\/"},{"@type":"ListItem","position":3,"name":"Parka Everest"}]},{"@type":"WebSite","@id":"https:\/\/intersportcolectivos.com\/urdulizft\/#website","url":"https:\/\/intersportcolectivos.com\/urdulizft\/","name":"URDULIZ F.T.","description":"Urduliz (Vizcaya) - Fundado en 1996","potentialAction":[{"@type":"SearchAction","target":{"@type":"EntryPoint","urlTemplate":"https:\/\/intersportcolectivos.com\/urdulizft\/?s={search_term_string}"},"query-input":"required name=search_term_string"}],"inLanguage":"es"}]}},"_links":{"self":[{"href":"https:\/\/intersportcolectivos.com\/urdulizft\/wp-json\/wp\/v2\/product\/163"}],"collection":[{"href":"https:\/\/intersportcolectivos.com\/urdulizft\/wp-json\/wp\/v2\/product"}],"about":[{"href":"https:\/\/intersportcolectivos.com\/urdulizft\/wp-json\/wp\/v2\/types\/product"}],"wp:featuredmedia":[{"embeddable":true,"href":"https:\/\/intersportcolectivos.com\/urdulizft\/wp-json\/wp\/v2\/media\/175"}],"wp:attachment":[{"href":"https:\/\/intersportcolectivos.com\/urdulizft\/wp-json\/wp\/v2\/media?parent=163"}],"wp:term":[{"taxonomy":"product_cat","embeddable":true,"href":"https:\/\/intersportcolectivos.com\/urdulizft\/wp-json\/wp\/v2\/product_cat?post=163"},{"taxonomy":"product_tag","embeddable":true,"href":"https:\/\/intersportcolectivos.com\/urdulizft\/wp-json\/wp\/v2\/product_tag?post=163"}],"curies":[{"name":"wp","href":"https:\/\/api.w.org\/{rel}","templated":true}]}}

<p>Descripción</p>
<p>Anorak con cremallera, capucha extraible, bolsillos laterales con cierre de botones y protector de cremallera. Tejido impermeable, aislamiento térmico. Interior de forro polar ideal para controlar el frio y el viento en las travesias. Además incluye doble puño interior para un mejor ajuste. Escudo Urduliz F.T. bordado, espalda serigrafiado URDULIZ F.T. en color blanco</p>
<p>&nbsp;</p>
