{"id":251,"date":"2020-08-09T15:44:27","date_gmt":"2020-08-09T15:44:27","guid":{"rendered":"https:\/\/intersportcolectivos.com\/urdulizft\/?post_type=product&#038;p=251"},"modified":"2020-10-07T17:52:09","modified_gmt":"2020-10-07T17:52:09","slug":"pantalon-protec","status":"publish","type":"product","link":"https:\/\/intersportcolectivos.com\/urdulizft\/product\/pantalon-protec\/","title":{"rendered":"Pantal\u00f3n Protec"},"content":{"rendered":"<p>Descripci\u00f3n<\/p>\n<p>Pantal\u00f3n corto de portero realizado en Poli\u00e9ster, caracterizados por su resistencia a la abrasi\u00f3n y protecciones en cadera y piernas que se adaptan a la perfecci\u00f3n a los movimientos naturales de los porteros. Destacan por su resistencia y durabilidad.<\/p>\n<p>&nbsp;<\/p>\n","protected":false},"excerpt":{"rendered":"<p>Pantal\u00f3n portero<\/p>\n","protected":false},"featured_media":263,"template":"","meta":[],"product_cat":[15],"product_tag":[],"yoast_head":"<!-- This site is optimized with the Yoast SEO plugin v21.5 - https:\/\/yoast.com\/wordpress\/plugins\/seo\/ -->\n<title>Pantal\u00f3n Protec - URDULIZ F.T.<\/title>\n<meta name=\"robots\" content=\"index, follow, max-snippet:-1, max-image-preview:large, max-video-preview:-1\" \/>\n<link rel=\"canonical\" href=\"https:\/\/intersportcolectivos.com\/urdulizft\/product\/pantalon-protec\/\" \/>\n<meta property=\"og:locale\" content=\"es_ES\" \/>\n<meta property=\"og:type\" content=\"article\" \/>\n<meta property=\"og:title\" content=\"Pantal\u00f3n Protec - URDULIZ F.T.\" \/>\n<meta property=\"og:description\" content=\"Pantal\u00f3n portero\" \/>\n<meta property=\"og:url\" content=\"https:\/\/intersportcolectivos.com\/urdulizft\/product\/pantalon-protec\/\" \/>\n<meta property=\"og:site_name\" content=\"URDULIZ F.T.\" \/>\n<meta property=\"article:modified_time\" content=\"2020-10-07T17:52:09+00:00\" \/>\n<meta property=\"og:image\" content=\"https:\/\/intersportcolectivos.com\/urdulizft\/wp-content\/uploads\/sites\/7\/2020\/08\/Bermuda-Protec-portero.jpg\" \/>\n\t<meta property=\"og:image:width\" content=\"875\" \/>\n\t<meta property=\"og:image:height\" content=\"1240\" \/>\n\t<meta property=\"og:image:type\" content=\"image\/jpeg\" \/>\n<meta name=\"twitter:card\" content=\"summary_large_image\" \/>\n<script type=\"application\/ld+json\" class=\"yoast-schema-graph\">{\"@context\":\"https:\/\/schema.org\",\"@graph\":[{\"@type\":\"WebPage\",\"@id\":\"https:\/\/intersportcolectivos.com\/urdulizft\/product\/pantalon-protec\/\",\"url\":\"https:\/\/intersportcolectivos.com\/urdulizft\/product\/pantalon-protec\/\",\"name\":\"Pantal\u00f3n Protec - URDULIZ F.T.\",\"isPartOf\":{\"@id\":\"https:\/\/intersportcolectivos.com\/urdulizft\/#website\"},\"datePublished\":\"2020-08-09T15:44:27+00:00\",\"dateModified\":\"2020-10-07T17:52:09+00:00\",\"breadcrumb\":{\"@id\":\"https:\/\/intersportcolectivos.com\/urdulizft\/product\/pantalon-protec\/#breadcrumb\"},\"inLanguage\":\"es\",\"potentialAction\":[{\"@type\":\"ReadAction\",\"target\":[\"https:\/\/intersportcolectivos.com\/urdulizft\/product\/pantalon-protec\/\"]}]},{\"@type\":\"BreadcrumbList\",\"@id\":\"https:\/\/intersportcolectivos.com\/urdulizft\/product\/pantalon-protec\/#breadcrumb\",\"itemListElement\":[{\"@type\":\"ListItem\",\"position\":1,\"name\":\"Portada\",\"item\":\"https:\/\/intersportcolectivos.com\/urdulizft\/\"},{\"@type\":\"ListItem\",\"position\":2,\"name\":\"Tienda\",\"item\":\"https:\/\/intersportcolectivos.com\/urdulizft\/tienda\/\"},{\"@type\":\"ListItem\",\"position\":3,\"name\":\"Pantal\u00f3n Protec\"}]},{\"@type\":\"WebSite\",\"@id\":\"https:\/\/intersportcolectivos.com\/urdulizft\/#website\",\"url\":\"https:\/\/intersportcolectivos.com\/urdulizft\/\",\"name\":\"URDULIZ F.T.\",\"description\":\"Urduliz (Vizcaya) - Fundado en 1996\",\"potentialAction\":[{\"@type\":\"SearchAction\",\"target\":{\"@type\":\"EntryPoint\",\"urlTemplate\":\"https:\/\/intersportcolectivos.com\/urdulizft\/?s={search_term_string}\"},\"query-input\":\"required name=search_term_string\"}],\"inLanguage\":\"es\"}]}<\/script>\n<!-- \/ Yoast SEO plugin. -->","yoast_head_json":{"title":"Pantal\u00f3n Protec - URDULIZ F.T.","robots":{"index":"index","follow":"follow","max-snippet":"max-snippet:-1","max-image-preview":"max-image-preview:large","max-video-preview":"max-video-preview:-1"},"canonical":"https:\/\/intersportcolectivos.com\/urdulizft\/product\/pantalon-protec\/","og_locale":"es_ES","og_type":"article","og_title":"Pantal\u00f3n Protec - URDULIZ F.T.","og_description":"Pantal\u00f3n portero","og_url":"https:\/\/intersportcolectivos.com\/urdulizft\/product\/pantalon-protec\/","og_site_name":"URDULIZ F.T.","article_modified_time":"2020-10-07T17:52:09+00:00","og_image":[{"width":875,"height":1240,"url":"https:\/\/intersportcolectivos.com\/urdulizft\/wp-content\/uploads\/sites\/7\/2020\/08\/Bermuda-Protec-portero.jpg","type":"image\/jpeg"}],"twitter_card":"summary_large_image","schema":{"@context":"https:\/\/schema.org","@graph":[{"@type":"WebPage","@id":"https:\/\/intersportcolectivos.com\/urdulizft\/product\/pantalon-protec\/","url":"https:\/\/intersportcolectivos.com\/urdulizft\/product\/pantalon-protec\/","name":"Pantal\u00f3n Protec - URDULIZ F.T.","isPartOf":{"@id":"https:\/\/intersportcolectivos.com\/urdulizft\/#website"},"datePublished":"2020-08-09T15:44:27+00:00","dateModified":"2020-10-07T17:52:09+00:00","breadcrumb":{"@id":"https:\/\/intersportcolectivos.com\/urdulizft\/product\/pantalon-protec\/#breadcrumb"},"inLanguage":"es","potentialAction":[{"@type":"ReadAction","target":["https:\/\/intersportcolectivos.com\/urdulizft\/product\/pantalon-protec\/"]}]},{"@type":"BreadcrumbList","@id":"https:\/\/intersportcolectivos.com\/urdulizft\/product\/pantalon-protec\/#breadcrumb","itemListElement":[{"@type":"ListItem","position":1,"name":"Portada","item":"https:\/\/intersportcolectivos.com\/urdulizft\/"},{"@type":"ListItem","position":2,"name":"Tienda","item":"https:\/\/intersportcolectivos.com\/urdulizft\/tienda\/"},{"@type":"ListItem","position":3,"name":"Pantal\u00f3n Protec"}]},{"@type":"WebSite","@id":"https:\/\/intersportcolectivos.com\/urdulizft\/#website","url":"https:\/\/intersportcolectivos.com\/urdulizft\/","name":"URDULIZ F.T.","description":"Urduliz (Vizcaya) - Fundado en 1996","potentialAction":[{"@type":"SearchAction","target":{"@type":"EntryPoint","urlTemplate":"https:\/\/intersportcolectivos.com\/urdulizft\/?s={search_term_string}"},"query-input":"required name=search_term_string"}],"inLanguage":"es"}]}},"_links":{"self":[{"href":"https:\/\/intersportcolectivos.com\/urdulizft\/wp-json\/wp\/v2\/product\/251"}],"collection":[{"href":"https:\/\/intersportcolectivos.com\/urdulizft\/wp-json\/wp\/v2\/product"}],"about":[{"href":"https:\/\/intersportcolectivos.com\/urdulizft\/wp-json\/wp\/v2\/types\/product"}],"wp:featuredmedia":[{"embeddable":true,"href":"https:\/\/intersportcolectivos.com\/urdulizft\/wp-json\/wp\/v2\/media\/263"}],"wp:attachment":[{"href":"https:\/\/intersportcolectivos.com\/urdulizft\/wp-json\/wp\/v2\/media?parent=251"}],"wp:term":[{"taxonomy":"product_cat","embeddable":true,"href":"https:\/\/intersportcolectivos.com\/urdulizft\/wp-json\/wp\/v2\/product_cat?post=251"},{"taxonomy":"product_tag","embeddable":true,"href":"https:\/\/intersportcolectivos.com\/urdulizft\/wp-json\/wp\/v2\/product_tag?post=251"}],"curies":[{"name":"wp","href":"https:\/\/api.w.org\/{rel}","templated":true}]}}

Pantalón Protec

<p>Descripción</p>
<p>Pantalón corto de portero realizado en Poliéster, caracterizados por su resistencia a la abrasión y protecciones en cadera y piernas que se adaptan a la perfección a los movimientos naturales de los porteros. Destacan por su resistencia y durabilidad.</p>
<p>&nbsp;</p>

<p>Pantalón portero</p>

<!-- This site is optimized with the Yoast SEO plugin v21.5 - https://yoast.com/wordpress/plugins/seo/ -->
<title>Pantalón Protec - URDULIZ F.T.</title>
<meta name="robots" content="index, follow, max-snippet:-1, max-image-preview:large, max-video-preview:-1" />
<link rel="canonical" href="https://intersportcolectivos.com/urdulizft/product/pantalon-protec/" />
<meta property="og:locale" content="es_ES" />
<meta property="og:type" content="article" />
<meta property="og:title" content="Pantalón Protec - URDULIZ F.T." />
<meta property="og:description" content="Pantalón portero" />
<meta property="og:url" content="https://intersportcolectivos.com/urdulizft/product/pantalon-protec/" />
<meta property="og:site_name" content="URDULIZ F.T." />
<meta property="article:modified_time" content="2020-10-07T17:52:09+00:00" />
<meta property="og:image" content="https://intersportcolectivos.com/urdulizft/wp-content/uploads/sites/7/2020/08/Bermuda-Protec-portero.jpg" />
	<meta property="og:image:width" content="875" />
	<meta property="og:image:height" content="1240" />
	<meta property="og:image:type" content="image/jpeg" />
<meta name="twitter:card" content="summary_large_image" />
<script type="application/ld+json" class="yoast-schema-graph">{"@context":"https://schema.org","@graph":[{"@type":"WebPage","@id":"https://intersportcolectivos.com/urdulizft/product/pantalon-protec/","url":"https://intersportcolectivos.com/urdulizft/product/pantalon-protec/","name":"Pantalón Protec - URDULIZ F.T.","isPartOf":{"@id":"https://intersportcolectivos.com/urdulizft/#website"},"datePublished":"2020-08-09T15:44:27+00:00","dateModified":"2020-10-07T17:52:09+00:00","breadcrumb":{"@id":"https://intersportcolectivos.com/urdulizft/product/pantalon-protec/#breadcrumb"},"inLanguage":"es","potentialAction":[{"@type":"ReadAction","target":["https://intersportcolectivos.com/urdulizft/product/pantalon-protec/"]}]},{"@type":"BreadcrumbList","@id":"https://intersportcolectivos.com/urdulizft/product/pantalon-protec/#breadcrumb","itemListElement":[{"@type":"ListItem","position":1,"name":"Portada","item":"https://intersportcolectivos.com/urdulizft/"},{"@type":"ListItem","position":2,"name":"Tienda","item":"https://intersportcolectivos.com/urdulizft/tienda/"},{"@type":"ListItem","position":3,"name":"Pantalón Protec"}]},{"@type":"WebSite","@id":"https://intersportcolectivos.com/urdulizft/#website","url":"https://intersportcolectivos.com/urdulizft/","name":"URDULIZ F.T.","description":"Urduliz (Vizcaya) - Fundado en 1996","potentialAction":[{"@type":"SearchAction","target":{"@type":"EntryPoint","urlTemplate":"https://intersportcolectivos.com/urdulizft/?s={search_term_string}"},"query-input":"required name=search_term_string"}],"inLanguage":"es"}]}</script>
<!-- / Yoast SEO plugin. -->

Pantalón Protec - URDULIZ F.T.

Pantalón portero
